9 a composite number?
True
Is 32410043 prime?
False
Is 246773101 a prime number?
True
Is 35096113 prime?
False
Is 1441819 prime?
False
Is 50451133 composite?
False
Is 3256859 composite?
True
Is 8625883 a composite number?
True
Is 10868419 a prime number?
True
Is 194861621 a composite number?
True
Is 21573215 prime?
False
Is 9813451 composite?
False
Is 1403807 composite?
False
Is 18065267 a prime number?
False
Is 82152593 a composite number?
True
Is 91157 a composite number?
True
Is 93332329 a prime number?
False
Is 146238541 composite?
True
Is 437719 a prime number?
True
Is 2827139 composite?
True
Is 1463971 composite?
False
Is 33224729 composite?
True
Is 43479185 a prime number?
False
Is 405369677 composite?
True
Is 208402997 a composite number?
True
Is 1197821 a composite number?
False
Is 144798851 a composite number?
True
Is 102590209 a prime number?
False
Is 485653237 prime?
False
Is 6760157 prime?
True
Is 162448699 a composite number?
True
Is 28412249 a composite number?
False
Is 93405247 a composite number?
True
Is 1109113 prime?
True
Is 20418191 composite?
True
Is 82217297 prime?
False
Is 38710013 prime?
True
Is 14592077 prime?
True
Is 7070179 a composite number?
False
Is 428951 a composite number?
False
Is 8057927 prime?
True
Is 270821 a prime number?
True
Is 92258857 composite?
False
Is 122651 composite?
False
Is 1204583 prime?
True
Is 7569343 composite?
False
Is 16176841 a composite number?
False
Is 13661657 a composite number?
True
Is 962173 a composite number?
True
Is 532178 a composite number?
True
Is 2961373 a composite number?
False
Is 70260811 a prime number?
False
Is 340201 a composite number?
False
Is 609853 a composite number?
True
Is 68730437 composite?
False
Is 281174 composite?
True
Is 3847163 a composite number?
True
Is 220551 prime?
False
Is 87472727 prime?
True
Is 138295049 a composite number?
False
Is 996431 prime?
True
Is 368014435 a prime number?
False
Is 38487905 a composite number?
True
Is 21892679 prime?
True
Is 25278689 prime?
False
Is 1707845 a prime number?
False
Is 733122893 prime?
True
Is 74105743 a prime number?
True
Is 6936599 a composite number?
True
Is 36535787 a prime number?
True
Is 561019 prime?
True
Is 9051699 prime?
False
Is 833009 prime?
True
Is 2921027 composite?
False
Is 3105661 prime?
False
Is 4847537 composite?
False
Is 29171119 composite?
False
Is 3136069 prime?
False
Is 1567183 composite?
True
Is 26455159 a prime number?
False
Is 222176219 composite?
False
Is 2588329 composite?
False
Is 7456801 a prime number?
False
Is 157674337 a composite number?
True
Is 1778801 prime?
True
Is 71882831 composite?
True
Is 24421723 a composite number?
False
Is 6812191 a composite number?
True
Is 19327247 a prime number?
True
Is 16591093 prime?
True
Is 1517783 prime?
True
Is 3993811 a composite number?
True
Is 72538361 composite?
True
Is 8317807 a prime number?
True
Is 11159333 composite?
True
Is 6106057 a prime number?
True
Is 39687526 a prime number?
False
Is 6088813 composite?
True
Is 4738651 composite?
False
Is 553283467 composite?
True
Is 1163069 composite?
False
Is 9547211 composite?
True
Is 10730033 a composite number?
True
Is 5531987 composite?
True
Is 295799 composite?
True
Is 2425337 a prime number?
True
Is 324559 a composite number?
True
Is 8017423 a composite number?
False
Is 480519697 a composite number?
True
Is 10156763 a prime number?
False
Is 5174123 prime?
False
Is 258009905 a prime number?
False
Is 12609551 composite?
False
Is 5691211 a prime number?
True
Is 262297253 prime?
True
Is 4556989 a composite number?
False
Is 15348343 a prime number?
True
Is 256410439 a composite number?
True
Is 10147229 composite?
False
Is 2203049 composite?
False
Is 14397461 composite?
True
Is 96309349 composite?
True
Is 4079333 a prime number?
False
Is 91964771 prime?
False
Is 622115639 a composite number?
False
Is 16090183 a composite number?
True
Is 463751 prime?
False
Is 26709269 composite?
True
Is 24586891 a composite number?
True
Is 2168519 a prime number?
True
Is 8613503 prime?
False
Is 166797079 a prime number?
True
Is 26183609 prime?
True
Is 12600101 composite?
False
Is 322631713 prime?
True
Is 1535206 a prime number?
False
Is 217177 composite?
True
Is 9008849 prime?
False
Is 4270643 composite?
True
Is 8568691 prime?
True
Is 1016731 prime?
True
Is 3709317 a composite number?
True
Is 31666829 a prime number?
True
Is 6759257 a prime number?
True
Is 38416189 composite?
True
Is 195597323 composite?
False
Is 43838579 a prime number?
False
Is 228436315 composite?
True
Is 1879753 a prime number?
False
Is 2146607 a prime number?
False
Is 1099309 composite?
False
Is 105981131 a composite number?
False
Is 110904041 a composite number?
True
Is 13364279 prime?
True
Is 126995663 a prime number?
False
Is 28339999 composite?
False
Is 11162969 composite?
False
Is 292087507 composite?
True
Is 75975401 composite?
False
Is 65826149 prime?
True
Is 122868443 prime?
True
Is 71104949 composite?
True
Is 13745419 a prime number?
True
Is 44148467 composite?
True
Is 386419909 a prime number?
True
Is 24903991 prime?
False
Is 6815114 prime?
False
Is 99764717 a prime number?
False
Is 30032269 composite?
False
Is 7975303 a prime number?
False
Is 169270939 a composite number?
False
Is 7854127 prime?
True
Is 7088269 composite?
True
Is 786510191 a composite number?
False
Is 92529103 prime?
False
Is 15795221 composite?
True
Is 4471469 composite?
True
Is 34063957 a composite number?
False
Is 19190699 composite?
True
Is 15117197 a composite number?
False
Is 14173645 prime?
False
Is 31716143 a composite number?
False
Is 4034699 a prime number?
True
Is 930856877 a prime number?
False
Is 5465849 prime?
True
Is 32673449 a prime number?
True
Is 9554381 composite?
False
Is 119429866 a composite number?
True
Is 1360811 a prime number?
True
Is 16372387 prime?
False
Is 1331801 composite?
False
Is 85546891 a composite number?
False
Is 8972135 prime?
False
Is 924323 a prime number?
True
Is 337613 a composite number?
True
Is 317843087 prime?
True
Is 2625581 prime?
False
Is 2602709 a prime number?
False
Is 24218357 a composite number?
False
Is 118637639 a prime number?
True
Is 388567 a composite number?
False
Is 16439209 composite?
False
Is 16329751 prime?
False
Is 21413507 a prime number?
False
Is 397787977 prime?
False
Is 2320169 a prime number?
True
Is 179018369 a composite number?
False
Is 2236165 a composite number?
True
Is 31164263 prime?
False
Is 244391429 a composite number?
False
Is 868397 a prime number?
True
Is 14376041 composite?
False
Is 9094247 a composite number?
False
Is 8088919 prime?
False
Is 40105211 composite?
False
Is 6967991 composite?
True
Is 6216113 composite?
True
Is 9868427 composite?
True
Is 16356607 a composite number?
False
Is 70213433 a composite number?
False
Is 77582503 prime?
False
Is 2654209 prime?
True
Is 22636853 a composite number?
True
Is 44219863 composite?
True
Is 17409659 a composite number?
False
Is 33166073 a prime number?
True
Is 9366177 a prime number?
False
Is 46775503 composite?
False
Is 80469971 composite?
False
Is 1160837 composite?
False
Is 485021 a prime number?
True
Is 1665668557 a composite number?
True
Is 1267009 composite?
False
Is 4150759 prime?
False
Is 293559095 a prime number?
False
Is 12916669 prime?
True
Is 126626147 a prime number?
True
Is 10869791 composite?
False
Is 223162166 a prime number?
False
Is 16851151 prime?
False
Is 2289895 a composite number?
True
Is 475941 a prime number?
False
Is 4982933 a prime number?
True
Is 3169801 composite?
True
Is 341679157 composite?
False
Is 201409 a prime number?
False
Is 13829741 prime?
True
Is 31715681 a composite number?
False
Is 301386551 a prime number?
False
Is 136189353 prime?
False
Is 3113767 composite?
False
Is 2908307 a composite number?
False
Is 26729279 a prime number?
True
Is 18112169 a prime number?
True
Is 9504367 prime?
False
Is 207375509 a prime number?
False
Is 3964105 prime?
False
Is 344795551 composite?
False
Is 17820813 composite?
True
Is 7533769 a composite number?
True
Is 41872307 prime?
True
Is 154395677 a prime number?
False
Is 15644627 a composite number?
False
Is 413168239 prime?
False
Is 256826519 prime?
True
Is 1451497 a prime number?
False
Is 57666619 a composite number?
False
Is 94759739 a prime number?
True
Is 753460